what is -100 - 1?
-101
In base 4, what is 1031 - -100?
1131
In base 7, what is -2152 - -5?
-2144
In base 10, what is -10 + -113?
-123
In base 14, what is -634 - 5?
-639
In base 6, what is 23 + -4022?
-3555
In base 12, what is -21 - -147?
126
In base 12, what is -1 + 195?
194
In base 8, what is -1 - 6054?
-6055
In base 14, what is -40 - -5?
-39
In base 6, what is 2201 + -4?
2153
In base 16, what is 6 + 24d?
253
In base 14, what is -12 - -14?
2
In base 2, what is -101010000 + -10?
-101010010
In base 13, what is 33 - -86?
b9
In base 2, what is 11100 + -100100100?
-100001000
In base 12, what is -2 - 17?
-19
In base 2, what is 1010011011 - 100?
1010010111
In base 15, what is -7 + -5b7?
-5be
In base 16, what is -93 + -5?
-98
In base 3, what is -2 + 102?
100
In base 4, what is -10 - 111?
-121
In base 15, what is -1d + -73?
-91
In base 4, what is 11 - -313302?
313313
In base 11, what is -9 - -97?
89
In base 2, what is 1010011 - -10?
1010101
In base 9, what is 6076 - -2?
6078
In base 8, what is -62 + -4?
-66
In base 5, what is -2013 + -4?
-2022
In base 8, what is 121 - 1?
120
In base 2, what is -1010011 + 1011?
-1001000
In base 16, what is -13 - 67?
-7a
In base 4, what is -113 - 10?
-123
In base 7, what is 13 - -551?
564
In base 6, what is 2120 + -2?
2114
In base 7, what is -622 + -22?
-644
In base 16, what is -4 - -1d?
19
In base 4, what is -10 + -2312?
-2322
In base 16, what is -21 + 6?
-1b
In base 10, what is -10885 + 0?
-10885
In base 12, what is 3 + -129?
-126
In base 15, what is -19b + -a?
-1a6
In base 9, what is -2 - -34?
32
In base 6, what is 2415 + 5?
2424
In base 6, what is 2330 + -1?
2325
In base 8, what is 4 + 412?
416
In base 11, what is -14 + -2a?
-43
In base 6, what is 3131 + 2?
3133
In base 9, what is -3 + -510?
-513
In base 12, what is a + 5?
13
In base 2, what is 10010111000 + 100?
10010111100
In base 11, what is 43 - -15?
58
In base 5, what is 40 - 31?
4
In base 13, what is 3 + -837?
-834
In base 11, what is -1 - -a25?
a24
In base 3, what is -20112 - 12?
-20201
In base 14, what is 5c - 5?
57
In base 16, what is -5 - -b?
6
In base 4, what is -11 + 220?
203
In base 7, what is 124251 + 2?
124253
In base 14, what is 0 - -13?
13
In base 8, what is -34643 + -1?
-34644
In base 13, what is -3b + -a?
-48
In base 12, what is -9a4 - 1?
-9a5
In base 10, what is 1039 - 14?
1025
In base 11, what is 4 - 346?
-342
In base 5, what is 3 - 321?
-313
In base 5, what is -1 - -121230?
121224
In base 10, what is 41 + -22?
19
In base 3, what is -10212 - 2?
-10221
In base 11, what is -131 - -a9?
-33
In base 2, what is -1111001000 + -1?
-1111001001
In base 12, what is -1 + -49?
-4a
In base 3, what is 2010 + -11?
1222
In base 2, what is 111 + 1000010110?
1000011101
In base 2, what is 1010101 - -1?
1010110
In base 2, what is 1000110 + 101?
1001011
In base 10, what is 3 + 736?
739
In base 8, what is 7 - -6735?
6744
In base 4, what is 32012 - 1?
32011
In base 7, what is 35 + 11?
46
In base 10, what is 3 + -91?
-88
In base 12, what is -6 - 278?
-282
In base 2, what is -11 - -1010010?
1001111
In base 13, what is -2 + -135?
-137
In base 15, what is -16d + 5?
-168
In base 4, what is -2 - 30002?
-30010
In base 6, what is -33 - 214?
-251
In base 11, what is 137a - -2?
1381
In base 11, what is -5 - -141?
137
In base 3, what is 102110102 + 12?
102110121
In base 14, what is -12 - -7a?
68
In base 14, what is 3ad - -9?
3b8
In base 4, what is -12 - 1?
-13
In base 11, what is -4 - 407?
-410
In base 13, what is 1635 - -3?
1638
In base 3, what is -20 - -1010?
220
In base 13, what is 4 - 36?
-32
In base 10, what is -380 + -2?
-382
In base 15, what is 12 - -2?
14
In base 8, what is -37 - 0?
-37
In base 12, what is -431 - b?
-440
In base 9, what is -430 - -4?
-425
In base 3, what is 10 - 12211?
-12201
In base 10, what is -416 + 0?
-416
In base 10, what is 3 + 47?
50
In base 16, what is -5 - 28b?
-290
In base 11, what is -3 + 30?
28
In base 6, what is -4 - 5?
-13
In base 3, what is 12 - -11101?
11120
In base 10, what is -15 - 5?
-20
In base 5, what is 312 + -22?
240
In base 8, what is 1 + -1672?
-1671
In base 16, what is 18 + -2?
16
In base 16, what is 1 + -53?
-52
In base 12, what is 4 + -201?
-1b9
In base 3, what is 2021201 - -102?
2022010
In base 3, what is 12 + 1011211?
1012000
In base 16, what is 5 + -3e?
-39
In base 9, what is -3 + 384?
381
In base 7, what is 1 + -1035?
-1034
In base 16, what is -18 - -2?
-16
In base 6, what is -35400 - -5?
-35351
In base 2, what is -101010 - 11010001?
-11111011
In base 15, what is e - 0?
e
In base 14, what is -1 - 89?
-8a
In base 8, what is -5 + -300?
-305
In base 9, what is -868 - 0?
-868
In base 11, what is -1 + 5a?
59
In base 11, what is 3 - 8?
-5
In base 3, what is -1020 + 1111?
21
In base 2, what is -100 + 10110010?
10101110
In base 8, what is 2744 - 0?
2744
In base 4, what is -11212 + 0?
-11212
In base 8, what is -4700 + 3?
-4675
In base 16, what is 5 + -8cd?
-8c8
In base 5, what is 3 + 1344?
1402
In base 14, what is 36 + 20?
56
In base 15, what is 15560 - -2?
15562
In base 2, what is -101000 + 110?
-100010
In base 8, what is 2667 - 30?
2637
In base 9, what is 0 + -560?
-560
In base 11, what is -13 - 52?
-65
In base 15, what is 30 - -8?
38
In base 9, what is 12 - 33?
-21
In base 6, what is -10 + -121?
-131
In base 2, what is -101 + -1011101?
-1100010
In base 8, what is -1 - 112?
-113
In base 11, what is -1 + 3?
2
In base 5, what is 1314 + 1?
1320
In base 2, what is -1101011001 - -10110?
-1101000011
In base 4, what is -11 + 30300?
30223
In base 2, what is 100 + -1000111111?
-1000111011
In base 6, what is 2 + -4005?
-4003
In base 14, what is d - -129?
138
In base 4, what is -11 - -11?
0
In base 5, what is -10 + 12121?
12111
In base 4, what is -10 + -31232?
-31302
In base 16, what is -39 + -3?
-3c
In base 6, what is -33 + 1?
-32
In base 7, what is -5 + 10?
2
In base 10, what is -167 - -5?
-162
In base 14, what is -5 - 14?
-19
In base 15, what is 4 + 4a9?
4ad
In base 7, what is 10405 + 1?
10406
In base 2, what is 110011 - 11101?
10110
In base 16, what is -702 + -3?
-705
In base 15, what is -2a89 - 2?
-2a8b
In base 10, what is 15 - -3?
18
In base 2, what is 1 + -11111001?
-11111000
In base 15, what is -6 + 267?
261
In base 7, what is 135 + 3?
141
In base 13, what is 18c61 - 1?
18c60
In base 11, what is 5 - 62?
-58
In base 15, what is -68e - 5?
-694
In base 11, what is -23 - 0?
-23
In base 11, what is -19 + -a2?
-110
In base 8, what is 1 - 42?
-41
In base 5, what is 10 + -3241?
-3231
In base 13, what is 2 + -454?
-452
In base 8, what is 4 - -153?
157
In base 8, what is -153 - 1?
-154
In base 15, what is -5 - -1d?
18
In base 9, what is 6045 + 2?
6047
In base 8, what is -65455 - -1?
-65454
In base 8, what is -10 + 206?
176
In base 5, what is 20003 + -3?
20000
In base 15, what is -5 + -1?
-6
In base 3, what is -201102 + 12?
-201020
In base 16, what is b3 + -27?
8c
In base 11, what is -48 - -96?
49
In base 13, what is -13 - 12?
-25
In base 15, what is 1 - aa?
-a9
In base 8, what is -3 - 1257?
-1262
In base 13, what is 365 - -1?
366
In base 6, what is -11 + -501?
-512
In base 10, what is 20 + -8?
12
In base 5, what is 424 - -3?
432
In base 4, what is -1 + 100?
33
In base 6, what is 0 + -2253?
-2253
In base 2, what is 11001101011 - -1001?
11001110100
In base 6, what is 40 + -15?
21
In base 8, what is 1 + -2012?
-2011
In base 11, what is -1 + 30?
2a
In base 11, what is -8501 - 1?
-8502
In base 3, what is -12 + -1020?
-1102
In base 8, what is -4350 - -3?
-4345
In base 11, what is -146 - -28?
-119
In base 6, what is 532 + -10?
522
In base 11, what is 0 - -526?
526
In base 6, what is 1 + -12353?
-12352
In base 2, what is -100 + 10000000?
1111100
In base 6, what is -4 - -523?
515
In base 4, what is 101011 + 2?
101013
In base 8, what is 2 - 42?
-40
In base 6, what is 2544 - 2?
2542
In base 16, what is -20 - -c9?
a9
In base 11, what is 4 - -308?
311
In base 11, what is 370 + -2?
369
In base 10, what is 11 - -11?
22
In base 14, what is 4 + -1742?
-173c
In base 9, what is 50 - 46?
3
In base 7, what is 1226 + 5?
1234
In base 9, what is -4 - -218?
214
In base 11, what is 116 + 22?
138
In base 15, what is 14b - 0?
14b
In base 12, what is 21 + aa?
10b
In base 11, what is -120 - -64?
-67
In base 3, what is -11010 + -22102?
-110112
In base 8, what is -110 +